
Let y(n) = -43*n**3 + n**2 - 2*n + 1. Suppose -8*i + 30 = 22. Determine y(i).
-43
Let p(s) = -s + 6. Suppose -5*m + 0 = -u - 19, -2*m = 2*u + 2. Suppose 4*y = -x - 14, y - m*y - 16 = 2*x. What is p(x)?
12
Let m(a) = 0 - a**2 + 2*a + 3 + 4*a**2. Let d(f) = -3*f**2 - 2*f - 2. Let h(g) = -5*d(g) - 4*m(g). Let i = -254 - -252. Determine h(i).
6
Let h(w) = -w**3 + 23*w**2 - 22*w - 3. Let q be h(22). Let f(i) = i**3 + 3*i**2 + 3*i + 2. Determine f(q).
-7
Let x(j) = -2*j**2 + 5*j - 2. Let i be x(3). Let g(u) = -34*u + 19*u - 2 + 16*u. Determine g(i).
-7
Suppose 299*n - 301*n = 16. Let j(x) = x**2 + 5*x - 10. Calculate j(n).
14
Let c(m) be the first derivative of -m**4/4 - 5*m**3/3 - 2*m**2 + m + 73. Let y = -63 + 36. Let j be 114/y - 2/(-9). Give c(j).
1
Let p(b) = -b**2 + 3*b + 6. Let f be 2/(-7) + (-214)/(-14). Let c be 24 + 3 + 0 + -6. Let i = c - f. Calculate p(i).
-12
Let x = 30 - 24. Let l be ((-58)/x)/((-17)/51). Let k = l + -24. Let t(f) = -f**3 + 5*f**2 - 3*f - 5. Give t(k).
-20
Let o(x) = x**3 - 4*x**2 - 7*x + 5. Let j = -71 + 73. Suppose -j + 17 = 3*l. Calculate o(l).
-5
Let a(u) be the first derivative of -3*u**2/2 + 8*u + 298. Suppose 0 = -6*i + 9*i - 18. Determine a(i).
-10
Let h(v) = -3*v - 10. Suppose -10 = 4*d + 5*m + 2, -3*d - 4*m - 8 = 0. Calculate h(d).
14
Let b(x) = -x - 1. Suppose -9*h + 0 = 27. Determine b(h).
2
Let u(g) = -12*g**2 - 4 - 5*g**2 - 4*g + 16*g**2 - 6*g. Give u(-7).
17
Let n(t) = t**2 + t - 1. Let v(i) = 6*i**2 + 10*i - 2. Let k(a) = -5*n(a) + v(a). Suppose -17*c + 748 = -0*c. Let j be (-4)/22 + 4 + (-388)/c. Determine k(j).
3
Let r(f) = -f**2 - 4*f + 2. Let v = -322 - -318. Calculate r(v).
2
Suppose -b - 1 - 2 = 0. Let h be -4 - (-1 - 2) - b. Let a(f) = -f + 5*f - 3*f - h*f - f**2. Calculate a(-2).
-2
Let y(s) = 43*s + 3*s**2 - 3 - 29*s - 16*s. Give y(4).
37
Let z(m) = -2*m + 9. Let u(v) be the first derivative of 2*v**3/3 + 5*v**2/2 + 3*v - 11. Let q be u(-3). Give z(q).
-3
Let w(m) = -m**3 - 5*m**2 + 17*m + 13. Let z(t) = 21*t + 203. Let r be z(-10). Determine w(r).
-8
Let i(r) be the third derivative of r**6/720 + r**5/120 - r**4/3 - 10*r**2. Let u(c) be the second derivative of i(c). What is u(3)?
4
Suppose c - 2*b = 19, 5*c - 37 = 3*c + 5*b. Suppose 0 = -0*n - 5*n + 30. Let d(v) = -n*v - 20*v**2 - 2 + 6 + c*v**2. Give d(5).
-1
Suppose 4*c = 3*o + 12, -3*c - o = 2*o + 12. Let j(n) = 2*n - n**3 - 4 + c + 0*n**3 - n**2 + 5. What is j(2)?
-7
Suppose -4*x = -0*x + 12. Let z(p) = -6*p + 78. Let y(r) = 5*r - 67. Let m(f) = -7*y(f) - 6*z(f). Determine m(x).
-2
Let x(s) be the second derivative of 7*s**3/2 + 107*s**2/2 - 29*s + 4. What is x(-5)?
2
Let n be (-33)/2 - (-3)/6. Let s = 18 + n. Suppose 3*r + s*r = 15. Let j(u) = -5*u + 4. What is j(r)?
-11
Let v(s) = s**3 + s**2 + s. Let a be (-7)/(-14) - (-2)/(-4). Suppose -5*t - 4 + 9 = a. Suppose -t + 5 = -4*h. Give v(h).
-1
Let v(f) = -7 + 9*f - 15*f**2 + 36*f**2 - 20*f**2. What is v(-8)?
-15
Let i(p) = -p**3 - 3*p - 246*p**2 + 502*p**2 + 2 - 250*p**2. Give i(4).
22
Let m(h) be the second derivative of -h**5/20 + h**4/4 + h**3/6 - h**2/2 + 3*h. Suppose 41*g - 30 = 26*g. What is m(g)?
5
Let h(j) be the third derivative of -j**7/2520 - j**6/120 + j**5/40 + 5*j**4/12 + 3*j**2. Let u(g) be the second derivative of h(g). Calculate u(-5).
8
Let m = 8 + -3. Let b(f) = f - 1. Let h(c) be the first derivative of c**2/2 - 3*c + 8. Let y(p) = -2*b(p) + h(p). Calculate y(m).
-6
Suppose -5*s + 30 = 5*v, 120*s - 5*v = 119*s + 6. Let r(t) = -5*t - 7. Calculate r(s).
-37
Let p(h) = -2*h - 6*h + 0*h + 1 + h. Let v(c) = -8*c + 1. Let r(m) = 5*p(m) - 4*v(m). Suppose 5*u + b = 2*u - 4, 2*u + 3*b = 2. Determine r(u).
7
Let r(i) = 9*i - 4. Let k be (-1 + -3)*3/2 + 10. What is r(k)?
32
Let x(u) = -25*u - 1. Suppose 4*r + 6 = 5*f - 10, 3*r + 4*f = 19. What is x(r)?
-26
Let m(p) be the first derivative of p**5/60 - p**4/2 - 12*p**3 - 1. Let q(d) be the third derivative of m(d). Determine q(9).
6
Let h be 2*-2*-1 - (-2 + 3). Suppose -2 = h*p - 5*p. Let w(m) be the first derivative of 5*m**3/3 + m**2 - m + 4. Give w(p).
6
Let u(o) = -5*o**2 + 25*o + 16. Suppose -5*p - 8*p = 26. Let n(k) = -k**2 - 1 + 2 + 6*k + 3. Let l(x) = p*u(x) + 9*n(x). What is l(-3)?
1
Suppose -2 = 5*k - 0*m - 3*m, 5*k + m + 6 = 0. Let b be (-5)/(-1)*1 + k. Let j(u) = -u**2 + 2*u + 3. What is j(b)?
-5
Let q(y) be the second derivative of 2*y**3/3 + y**2 - 24*y. Let w = 6 - 10. Let v be w/(-18) - (-48)/27. What is q(v)?
10
Let k(s) = -10*s**2 + s - 3. Let t(u) = 22*u**2 - u + 7. Let z(b) = -9*k(b) - 4*t(b). Calculate z(-2).
17
Let r = 11 + -8. Let b(n) = 1 - r*n + n - 3*n. Let a be b(1). Let i(y) = -y**3 - 4*y**2 + y - 5. Calculate i(a).
-9
Let p(y) = -y - 4. Let x be p(7). Let a = x - -12. Let o(j) = 1 + 2*j**3 - 9*j + 4*j**3 + 7*j. Give o(a).
5
Let a(v) = -v**3 + 8*v**2 - 8*v**2 + 1 + 2. Suppose -6*j = -3*j. Calculate a(j).
3
Let z(d) = 7*d + 2*d + 2*d + d + 1. Suppose -3*u + 67 = -0*u - 2*l, 4*u - 95 = -3*l. Suppose -4 = 19*k - u*k. Determine z(k).
13
Let x(s) = -7*s**2 + 3*s**2 + s**3 - 9 - 3*s**2. Suppose -18*q + 38 = -88. Calculate x(q).
-9
Suppose -4*n + 15 + 9 = 0. Let z = n + -4. Suppose -z*l = -0*l. Let d(q) = q + 4. Calculate d(l).
4
Suppose -3*r - j + 63 = 0, 5*j + 0 = r - 5. Let i = r - 8. Let d = i - 11. Let v(m) = m + 1. Determine v(d).
2
Let a = -541 - -546. Let i(y) be the third derivative of 0*y + 1/6*y**3 + a*y**2 - 1/6*y**4 + 0. Determine i(2).
-7
Let t(i) = -i + 1. Let h(f) = -f**2 - 10*f - 10. Let n be h(-9). Let u be t(n). Let d(w) = w**2 - w - 3*w**2 + 0*w**2 + 2. Determine d(u).
-8
Let u(h) = -h**2 - h - 1. Let l(a) = a**2 + 4. Let d(m) = -l(m) - 2*u(m). Suppose 0 = 2*i + 3*q - 7, -5*q + 32 = -3*i - q. What is d(i)?
6
Suppose -3*b = 26 + 19. Let q be (-1)/(1 + 18/b). Let m(w) = -912*w**2 + 916*w**2 + 0 - 1 - w**3 + 6*w. Calculate m(q).
4
Suppose 0 = -3*j - 5*q + 30, j + 5*q = -3*j + 35. Suppose -z - j*r = -23 + 1, 3*r - 20 = -4*z. Let i(m) = -m**2 + 2*m - 1. Give i(z).
-1
Let h(i) be the first derivative of i**2 - 2*i - 1. Suppose 97 + 92 = 31*l + 34. What is h(l)?
8
Let n(d) = d**3 - 4*d**2 + 5*d - 1. Let p be n(2). Suppose 59*h - 60*h = -p. Let x(w) = -6*w**2 - w. What is x(h)?
-7
Let c(v) = v**2 - 5*v - 4. Let q = -122 - -130. Suppose 48 - q = 8*d. What is c(d)?
-4
Let k(o) be the third derivative of -o**5/60 - o**4/3 + o**3/2 + 164*o**2. Calculate k(-8).
3
Let p = -189 + 194. Suppose 0 = 2*n + n - 3*h - 6, -5*n = 3*h - 42. Let v(g) = -5*g - g - 2*g + 4*g + n. Calculate v(p).
-14
Let m(v) = v**2 - 8*v - 5. Let p be m(8). Let j(l) = 2*l**3 - l**2 + l - 8. Let g(c) = 5*c**3 - c**2 + c - 17. Let y(f) = -3*g(f) + 7*j(f). Calculate y(p).
0
Let p(c) = c**2 + c + 1. Let g(d) = -2*d**3 - 2*d**2 + 2*d + 1. Let z be g(-2). Let t(i) = -6*i**2 - 11*i - 9. Let b(s) = z*p(s) + t(s). Give b(-6).
-4
Let q(r) = r**3 - 10*r**2 - 5*r - 2. Let v(k) = k - 1. Let j(x) = x**3 - 9*x**2 + 2*x - 8. Let i(z) = -j(z) + 6*v(z). Let h(d) = -6*i(d) - 5*q(d). Give h(4).
2
Let f(r) be the second derivative of -r**8/6720 - r**7/1260 + r**6/240 - r**5/30 - 7*r**4/12 + 6*r. Let p(q) be the third derivative of f(q). Determine p(-3).
-4
Suppose -3*x = -3*y - 6, -x - 2*x = -5*y - 6. Suppose 0 = -x*q - 0 - 4. Let a(n) be the first derivative of -4*n**3/3 - n**2/2 + n + 769. Determine a(q).
-13
Let q(d) = -87*d - 21. Let g(m) = -35*m - 9. Let v(i) = 12*g(i) - 5*q(i). What is v(2)?
27
Suppose -5*i - 3*b - 15 = -6*b, -i - b = -5. Let z(n) be the first derivative of n**3/3 - 9*n + 2118. Give z(i).
-9
Let m(p) = p**2 + 4*p + 4. Let v(f) = -f**3 - 2*f**2 + 5*f + 6. Let y be v(-3). Suppose y = 5*z + 1 + 14. What is m(z)?
1
Let h be 15/12*(-18)/(-45). Let v(g) be the second derivative of 0 + h*g**2 - 1/2*g**3 - 5*g. Calculate v(-1).
4
Let i(z) = 4*z - 1. Let q(b) = 1. Let k(o) = i(o) + 2*q(o). Calculate k(-1).
-3
Let k(d) be the first derivative of -d**3/3 - d**2/2 + d - 13. Let t(p) = -p**3 + 3*p**2 + p - 1. Let s be t(3). Determine k(s).
-5
Let v(o) = o**2 - o + 4. Suppose 0 = 6*i - 10*i + 4. Let c be i/((3/(-2))/(-3)). Suppose 6 = c*y - 0. What is v(y)?
10
Let s(g) = -6*g**2 - g - 4. Let u(y) = 5*y**2 + 3. Let w(z) = -4*s(z) - 5*u(z). Let k = -8 + 11. What is w(k)?
4
Let a(k) be the second derivative of -1/20*k**5 - 2/3*k**3 - 7/12*k**